
What is -24881 (base 11) in base 5?
-2120123
-34cd3 (base 16) to base 10
-216275
6a039 (base 12) to base 5
14013431
What is -1001000111110111 (base 3) in base 13?
-3114661
5b5b10 (base 15) to base 3
22020011210020
Convert 11100230 (base 4) to base 12.
10578
Convert 210432241 (base 5) to base 9.
1572000
What is 10112120202120 (base 3) in base 11?
1075561
-1330011013 (base 4) to base 5
-112230411
11000011000100000101 (base 2) to base 3
1111120222220
16a8514 (base 11) to base 16
2c2eb9
Convert 370b2 (base 12) to base 11.
50a21
What is -301001322 (base 5) in base 9?
-2210210
Convert -105412 (base 8) to base 4.
-20230022
What is 74fb8f (base 16) in base 12?
2698813
21351 (base 11) to base 3
1120120100
What is -1004340345 (base 6) in base 9?
-21327262
What is 14135205 (base 7) in base 5?
314214332
What is 266176 (base 9) in base 8?
474304
Convert -2314949 (base 10) to base 4.
-20311023011
What is 23103aa (base 11) in base 10?
4041399
16063804 (base 9) to base 4
132210133330
What is -535551424 (base 6) in base 5?
-4414020104
What is -250636561 (base 7) in base 10?
-15757708
What is -347498 (base 13) in base 2?
-100101111110010001111
Convert -32385c (base 14) to base 11.
-a61414
What is 30eb28 (base 16) in base 14?
5d64ac
Convert 111111010001111000 (base 2) to base 5.
31243232
Convert -1371358 (base 11) to base 5.
-1100441313
Convert 2041002010 (base 5) to base 8.
20116606
Convert 86946 (base 12) to base 2.
101011010111000110
Convert 20101332313 (base 4) to base 5.
1023431212
What is -54421454 (base 6) in base 8?
-6134652
What is -241833 (base 13) in base 12?
-355b19
What is -1000011101001011000000 (base 2) in base 7?
-24561336
What is -44635624 (base 7) in base 9?
-7255247
70368 (base 10) to base 6
1301440
35868 (base 13) to base 5
11114411
What is -50530243 (base 6) in base 3?
-2201021210200
What is -28b9d1 (base 15) in base 12?
-7a8074
Convert -447768 (base 9) to base 13.
-950a8
Convert 13540345 (base 7) to base 14.
250d25
What is -1326124 (base 7) in base 9?
-286041
What is -20012021101 (base 3) in base 11?
-83687
-69631 (base 11) to base 15
-1ec0a
What is -f981 (base 16) in base 12?
-30b69
What is 565465 (base 10) in base 13?
16a4c4
-242405004 (base 6) to base 8
-21441074
-31494 (base 14) to base 10
-118906
What is -14403110 (base 6) in base 5?
-111421404
What is -10223002122 (base 4) in base 5?
-303143413
-30412153 (base 7) to base 6
-130244011
What is -496455 (base 10) in base 9?
-836006
Convert a8887 (base 14) to base 10.
407799
Convert -101210121101120 (base 3) to base 2.
-10101111001010010110110
130202323 (base 4) to base 13
412b1
Convert -1036613 (base 11) to base 2.
-110111101010111010010
330020021 (base 4) to base 11
159042
-21420032 (base 5) to base 7
-1402142
Convert 1000101000010101010 (base 2) to base 11.
183516
What is -385066 (base 11) in base 14?
-11b2da
-b5933 (base 13) to base 6
-11000331
What is -1544216 (base 11) in base 3?
-11222011201110
What is 429488 (base 12) in base 6?
34323052
What is -53adf (base 16) in base 13?
-c0016
52c4a (base 16) to base 9
566036
What is -8535724 (base 9) in base 15?
-60442a
-5610060 (base 8) to base 4
-11301000300
Convert 10011100111010110101 (base 2) to base 14.
12a341
What is 229cc (base 13) in base 5?
4010310
-1111010101101001111 (base 2) to base 7
-4162220
What is 192420 (base 10) in base 9?
322850
1949c0 (base 16) to base 2
110010100100111000000
Convert -1144403 (base 7) to base 2.
-100011100011011111
Convert -3853351 (base 9) to base 8.
-10011354
What is 311011141 (base 5) in base 13?
354580
Convert 1604540 (base 7) to base 15.
4535b
Convert -33031210 (base 5) to base 6.
-10023333
What is -11544315 (base 7) in base 10?
-1036362
Convert -1364055 (base 7) to base 11.
-116181
What is 3312311110 (base 4) in base 11?
630667
What is -2650667 (base 8) in base 5?
-142214230
201200111102012 (base 3) to base 16
9fa10c
-7633236 (base 10) to base 13
-1773510
-141412 (base 8) to base 13
-1995a
-12223 (base 6) to base 5
-24230
Convert 93331 (base 10) to base 3.
11202000201
5b73b (base 12) to base 3
20021202002
100010000111001001110111 (base 2) to base 12
2bb2a73
Convert -137457 (base 12) to base 2.
-1001111000011000011
Convert -13210301 (base 5) to base 2.
-100000001101101111
41055 (base 10) to base 6
514023
Convert -53446166 (base 7) to base 12.
-1634a95
What is 599586 (base 12) in base 8?
5412366
Convert -141c5 (base 15) to base 4.
-33300113
-110110100000001001 (base 2) to base 14
-5b4db
291487 (base 12) to base 16
a7a67
1bc26b4 (base 14) to base 15
134c75e
What is 132086 (base 9) in base 12?
3a550
-103130023233 (base 4) to base 11
-2970917
Convert d5279 (base 14) to base 11.
320994
What is -1240052 (base 6) in base 8?
-203540
-20102230 (base 5) to base 13
-578bb
What is 9ab3a (base 15) in base 7?
4116061
Convert 4313700 (base 8) to base 5.
243343320
317024 (base 8) to base 16
19e14
-1577660 (base 8) to base 9
-768155
-5128536 (base 9) to base 13
-74a234
20b8f7 (base 16) to base 11
1235219
What is 1000200222222122 (base 3) in base 4?
320022130322
What is -3323316 (base 7) in base 10?
-409359
a78919 (base 13) to base 14
744d16
-3030002212 (base 4) to base 13
-233536
Convert 25733501 (base 8) to base 9.
11731462
Convert 36c234 (base 15) to base 3.
11221020220111
Convert -85848 (base 16) to base 7.
-4435266
What is 5c177 (base 14) in base 4?
313000131
Convert -100011011100010101 (base 2) to base 8.
-433425
What is -54a0e (base 15) in base 7?
-2166635
Convert 28a3 (base 15) to base 2.
10000111111111
-1112112333 (base 4) to base 2
-1010110010110111111
Convert 11101121210101 (base 3) to base 15.
311c0a
Convert cb5167 (base 13) to base 16.
48f37e
-a93580 (base 14) to base 15
-783b58
25538 (base 14) to base 16
165be
What is -313360 (base 9) in base 15?
-3a27c
What is -11100342333 (base 5) in base 16?
-b8f5f9
Convert -10532d (base 15) to base 12.
-315774
-6920056 (base 10) to base 16
-699778
-399353 (base 11) to base 9
-1155464
146c7a4 (base 15) to base 13
30a3897
Convert -1202030 (base 5) to base 4.
-11121330
301443133 (base 5) to base 6
41441022
Convert 1013013204 (base 6) to base 5.
10141441440
What is -1091419 (base 10) in base 8?
-4123533
Convert -3242219 (base 10) to base 14.
-6057d1
Convert -1436858 (base 9) to base 14.
-168ab9
What is 69c1d (base 14) in base 6?
5304243
Convert 8508370 (base 10) to base 16.
81d3d2
Convert -225d10 (base 16) to base 14.
-428a08
10121122122 (base 4) to base 5
243341131
3366b74 (base 12) to base 3
200111222011221
Convert -591a266 (base 11) to base 7.
-153564511
Convert -11010101001011011 (base 2) to base 15.
-22517
What is 313260 (base 8) in base 3?
12021211000
What is 23835 (base 9) in base 15?
4b0e
-120053526 (base 7) to base 3
-111222020102220
Convert 645129 (base 11) to base 4.
3323313331
What is -b552 (base 16) in base 6?
-554522
Convert 201414620 (base 7) to base 6.
1055100332
Convert 100111111000110111000110 (base 2) to base 16.
9f8dc6
What is 22b88a (base 13) in base 2?
11001001011111111101
What is -15632005 (base 7) in base 4?
-11303032030
Convert -e5f05 (base 16) to base 10.
-941829
What is 1324003 (base 6) in base 14?
1ca9d
273fc1 (base 16) to base 2
1001110011111111000001
-dd6a (base 16) to base 9
-85670
573534 (base 9) to base 15
6bcea
113301144 (base 5) to base 13
155070
Convert -4313433211 (base 5) to base 8.
-42634525
-3521121 (base 6) to base 8
-542711
-843562 (base 9) to base 2
-1111010011000100100
Convert 35aae1 (base 15) to base 13.
6bb810
3b02a (base 15) to base 16
2e270
What is 260550 (base 8) in base 16?
16168
Convert -330234401 (base 5) to base 14.
-28b93a
What is -1427ab (base 12) in base 13?
-ba149
What is 20bb5b (base 15) in base 5?
344332221
What is -1021002022111 (base 3) in base 16?
-a3cbd
What is -5c5664 (base 16) in base 4?
-113011121210
What is -438cd (base 16) in base 5?
-32323220
-434124 (base 7) to base 12
-37aa6
What is 3200231 (base 4) in base 16?
382d
What is -355aa6 (base 15) in base 13?
-6b3bb9
20264a3 (base 11) to base 15
4ab077
Convert -125c2c8 (base 13) to base 14.
-a956d4
Convert 735066 (base 13) to base 12.
aa00a3
What is -102022210112202 (base 3) in base 2?
-10110111101011111001110
Convert 1a904b (base 15) to base 9.
2384778
Convert -110161232 (base 7) to base 12.
-2273045
Convert c1c2 (base 15) to base 7.
230156
What is -4